nvert -998d9 (base 15) to base 13.
-14117a
What is -70247 (base 10) in base 4?
-101021213
10022201122222 (base 3) to base 13
49ab58
14340123 (base 5) to base 10
152538
What is -2221100202 (base 3) in base 15?
-1221e
Convert -125122543 (base 6) to base 16.
-25e63f
What is ed41 (base 16) in base 5?
3420422
Convert -22000a (base 11) to base 16.
-55ca2
Convert -1a02 (base 14) to base 16.
-1262
Convert -bd16d (base 15) to base 8.
-2225766
What is -204243314 (base 5) in base 4?
-3100033133
What is -fa1f (base 16) in base 11?
-44120
Convert 110000022011112 (base 3) to base 16.
61668e
What is 4247541 (base 9) in base 8?
10534503
-6123cc (base 15) to base 2
-10001100110100101011100
5c2ca3 (base 14) to base 10
3158095
61427 (base 8) to base 6
313235
What is -d5d4c (base 15) in base 6?
-22310513
What is -101000210222 (base 3) in base 10?
-197423
Convert 1addc1 (base 16) to base 9.
3273208
What is 77b (base 15) in base 2?
11010011011
What is 4842b5 (base 13) in base 6?
100532314
-53662623 (base 7) to base 8
-21376633
-165676 (base 10) to base 5
-20300201
-44c48 (base 13) to base 16
-1e8c0
-353b45 (base 12) to base 9
-1545518
What is -164109 (base 10) in base 6?
-3303433
22000001121 (base 3) to base 6
3213111
What is 83a32 (base 12) in base 8?
521006
827 (base 14) to base 11
1228
Convert -101110111000000 (base 2) to base 13.
-ac02
-351445 (base 8) to base 15
-25679
What is 52033000 (base 6) in base 14?
2ada64
Convert -149058 (base 10) to base 7.
-1160400
Convert 822206 (base 9) to base 3.
220202020020
What is 210411 (base 7) in base 4?
20311323
What is 6da97 (base 16) in base 5?
103333200
Convert 55d2d3 (base 14) to base 16.
2c8449
59bb (base 15) to base 7
106421
What is 104a298 (base 11) in base 13?
4c72c7
What is -9374287 (base 10) in base 3?
-122122021002211
-116f3b (base 16) to base 14
-21a575
944161 (base 11) to base 8
5614077
-2975 (base 14) to base 10
-7355
Convert 5053 (base 16) to base 3.
1001012121
a6282 (base 12) to base 13
78380
-12001243 (base 5) to base 10
-109573
What is 1110102201211 (base 3) in base 14?
162c23
Convert -2121121012111 (base 3) to base 7.
-14545243
What is -310221123 (base 4) in base 15?
-43d63
What is -103104 (base 11) in base 7?
-1255354
44ce4 (base 15) to base 4
311130202
Convert 1001110010000101011 (base 2) to base 15.
64ea5
13dc7 (base 14) to base 12
246a3
Convert -111000001010000000110 (base 2) to base 4.
-13001100012
What is b0911 (base 13) in base 14?
830a6
11064454 (base 9) to base 11
302992a
Convert -54720 (base 12) to base 10.
-111624
What is 33333303021 (base 4) in base 15?
57c7a6
Convert 885a18 (base 11) to base 6.
50143340
What is 4a0a057 (base 12) in base 16?
dc7bc3
Convert 2720 (base 8) to base 11.
1133
Convert -26616 (base 13) to base 4.
-101122221
-3df0e7 (base 16) to base 2
-1111011111000011100111
Convert -221000020211 (base 3) to base 2.
-1111000001011100011
Convert 1122527 (base 9) to base 3.
1010202120221
-111001101110011110101010 (base 2) to base 6
-1300202134
Convert -36447113 (base 8) to base 15.
-a84e25
Convert -461274 (base 9) to base 16.
-43828
What is 2100022112000 (base 3) in base 16?
13041f
122990 (base 12) to base 10
295164
-133330 (base 10) to base 14
-36838
What is -6772a3 (base 14) in base 16?
-35a4cf
120200022200 (base 4) to base 15
86d285
-7510 (base 8) to base 9
-5326
122212346 (base 7) to base 3
112110101120002
-2512020 (base 6) to base 3
-20210201110
-194233 (base 14) to base 5
-212114411
836b8 (base 15) to base 7
3353501
Convert 350752 (base 8) to base 3.
20001121120
-2121210010 (base 3) to base 13
-1a643
513398 (base 12) to base 5
311130003
Convert -218100 (base 9) to base 4.
-133320030
What is 2355414 (base 6) in base 14?
33466
What is -9c96b (base 14) in base 2?
-1011100111001110011
764567 (base 13) to base 4
22212233213
Convert -11413022 (base 5) to base 10.
-107262
Convert -26845 (base 14) to base 5.
-11014200
What is a6981 (base 12) in base 11?
13a6a1
9d127 (base 14) to base 3
201101112002
Convert -2420650 (base 10) to base 4.
-21032332222
-54fa9 (base 16) to base 14
-90bc5
What is -1021111111 (base 3) in base 12?
-1267a
10021310021 (base 4) to base 6
35200345
What is -12756016 (base 8) in base 9?
-5360817
Convert 289716 (base 11) to base 10.
452073
Convert -250fa (base 16) to base 15.
-2eea2
What is 34b9994 (base 12) in base 8?
46716500
-698249 (base 16) to base 6
-404112105
Convert -7a414 (base 11) to base 15.
-246d1
What is 175656 (base 16) in base 10?
1529430
What is -1011110100101000000100 (base 2) in base 16?
-2f4a04
-1a2d6 (base 15) to base 2
-10100110000100010
Convert 110110111011100001001 (base 2) to base 6.
102325025
Convert 83bbd4 (base 14) to base 16.
43e83e
-28b1c5 (base 13) to base 4
-3303003303
-82bc83 (base 13) to base 9
-5663875
-e21f3 (base 16) to base 14
-1a176b
What is -867a84 (base 13) in base 2?
-1100000011001101100111
101001002100220 (base 3) to base 11
3014974
450042211 (base 6) to base 14
1116823
-4b8b16 (base 15) to base 8
-15645677
Convert 877751 (base 10) to base 9.
1577038
1333020110 (base 4) to base 13
153029
Convert -119a1e (base 16) to base 4.
-10121220132
Convert 3541134 (base 7) to base 2.
1101101001000011011
Convert 203022210 (base 4) to base 14.
3a6c4
What is 1132220202 (base 4) in base 7?
3203040
What is -4127626 (base 8) in base 14?
-206730
-211100121 (base 3) to base 12
-9521
-193b134 (base 13) to base 8
-37450754
-10010101010111100011001 (base 2) to base 6
-252523401
Convert -203132302202 (base 4) to base 14.
-13418c2
What is 110101001001001110 (base 2) in base 16?
3524e
-45694 (base 12) to base 5
-10430220
-1274538 (base 10) to base 11
-7a0641
Convert -36758 (base 14) to base 11.
-91057
Convert -4a848 (base 12) to base 5.
-11221212
9397502 (base 10) to base 14
1368a62
What is 1010101011001000001100 (base 2) in base 12?
b2b324
What is -10111010001100010 (base 2) in base 7?
-544634
113463 (base 10) to base 12
557b3
5464 (base 7) to base 4
132211
What is -13030430 (base 5) in base 6?
-2415530
Convert -2001122112210 (base 3) to base 6.
-35251033
Convert -14483a (base 13) to base 2.
-1111001000001101110
-1001011001 (base 3) to base 11
-14466
7151a (base 15) to base 12
153844
Convert -310313402 (base 5) to base 2.
-100110011101110111101
What is -4144321233 (base 5) in base 12?
-2a62553
-1913089 (base 10) to base 3
-10121012021011
What is -5434510 (base 6) in base 14?
-70214
3889a9 (base 11) to base 8
2253451
-134798 (base 10) to base 7
-1100666
-3061521 (base 7) to base 13
-cb634
What is -21024234 (base 6) in base 4?
-2110330132
-22203233 (base 6) to base 9
-1230313
-103310331131 (base 4) to base 12
-18a7aa5
What is -113302 (base 6) in base 10?
-9830
111134320 (base 5) to base 15
9a290
Convert -5423752 (base 8) to base 14.
-29b230
Convert -1664077 (base 8) to base 5.
-111013224
Convert -473477 (base 11) to base 2.
-10110111011010010100
108381 (base 14) to base 6
20002445
Convert -11140030 (base 5) to base 9.
-161303
-4e4a2 (base 15) to base 11
-161482
What is -103320 (base 8) in base 7?
-202422
Convert -4161064 (base 11) to base 16.
-6ff25e
Convert -32121522 (base 6) to base 13.
-270827
111104322 (base 6) to base 14
3a6466
2021460 (base 8) to base 5
114031141
Convert -12113324 (base 5) to base 11.
-78383
What is 68755e (base 15) in base 4?
103001103221
Convert -2210102000222 (base 3) to base 2.
-101101010010111101110
-53a64 (base 11) to base 7
-444541
What is -2414121110 (base 5) in base 12?
-1a68955
Convert -100000111100111110000 (base 2) to base 8.
-4074760
-2100002001210 (base 3) to base 11
-778869
-12122575 (base 8) to base 2
-1010001010010101111101
Convert -10d3c84 (base 14) to base 8.
-36526334
What is 3850775 (base 10) in base 3?
21020122021022
What is -21000201210 (base 3) in base 10?
-138315
Convert 8a987 (base 16) to base 13.
16b513
What is 111110111100100 (base 2) in base 3?
1122012122
-110011011001001010010010 (base 2) to base 14
-1b09aa6
16d1c (base 14) to base 15
12054
What is 41544 (base 12) in base 5?
10213234
Convert -28044 (base 13) to base 12.
-37316
Convert 1033112203 (base 4) to base 9.
544761
What is -1630041 (base 9) in base 10?
-905455
What is -10179832 (base 10) in base 11?
-5823293
What is 266e3 (base 15) in base 16?
1e0b7
What is 42d7 (base 14) in base 7?
45460
111100012220 (base 3) to base 2
1000000000111000111
C